{"id":16,"date":"2016-03-31T14:56:02","date_gmt":"2016-03-31T14:56:02","guid":{"rendered":"http:\/\/www.izipic.pt\/fotografia\/?page_id=16"},"modified":"2022-12-30T10:30:18","modified_gmt":"2022-12-30T10:30:18","slug":"fotografiavideo","status":"publish","type":"page","link":"https:\/\/www.izipic.pt\/fotografia\/","title":{"rendered":"Fotografia&#038;V\u00eddeo"},"content":{"rendered":"<div id=\"pl-16\"  class=\"panel-layout\" ><div id=\"pg-16-0\"  class=\"panel-grid panel-no-style\" ><div id=\"pgc-16-0-0\"  class=\"panel-grid-cell\" ><div id=\"panel-16-0-0-0\" class=\"so-panel widget widget_metaslider_widget panel-first-child panel-last-child\" data-index=\"0\" ><div id=\"metaslider-id-22\" style=\"max-width: 900px; margin: 0 auto;\" class=\"ml-slider-3-20-3 metaslider metaslider-nivo metaslider-22 ml-slider ms-theme-blend\">\n    <div id=\"metaslider_container_22\">\n        <div class='slider-wrapper theme-default'><div class='ribbon'><\/div><div id='metaslider_22' class='nivoSlider'><img src=\"https:\/\/www.izipic.pt\/fotografia\/wp-content\/uploads\/2017\/01\/RMO_7701-900x420.jpg\" height=\"420\" width=\"900\" title=\"RMO_7701\" alt=\"\" class=\"slider-22 slide-1709\" \/><img src=\"https:\/\/www.izipic.pt\/fotografia\/wp-content\/uploads\/2020\/07\/RMO_2184-900x420.jpg\" height=\"420\" width=\"900\" title=\"RMO_2184\" alt=\"\" class=\"slider-22 slide-1929\" \/><img src=\"https:\/\/www.izipic.pt\/fotografia\/wp-content\/uploads\/2020\/07\/RMO_2113-900x420.jpg\" height=\"420\" width=\"900\" title=\"S&amp;V - InLoveSession\" alt=\"\" class=\"slider-22 slide-1927\" \/><img src=\"https:\/\/www.izipic.pt\/fotografia\/wp-content\/uploads\/2016\/03\/RMO_2757-900x420.jpg\" height=\"420\" width=\"900\" alt=\"\" class=\"slider-22 slide-44\" \/><img src=\"https:\/\/www.izipic.pt\/fotografia\/wp-content\/uploads\/2020\/07\/RMO_8546-900x420.jpg\" height=\"420\" width=\"900\" title=\"A&amp;R - Casamento\" alt=\"\" class=\"slider-22 slide-1937\" \/><img src=\"https:\/\/www.izipic.pt\/fotografia\/wp-content\/uploads\/2020\/07\/RMO_1968-900x420.jpg\" height=\"420\" width=\"900\" title=\"S&amp;V - InLoveSession\" alt=\"\" class=\"slider-22 slide-1931\" \/><img src=\"https:\/\/www.izipic.pt\/fotografia\/wp-content\/uploads\/2016\/03\/RMO7752-FACEBOOK-900x420.jpg\" height=\"420\" width=\"900\" title=\"Diana e Helder\" alt=\"\" class=\"slider-22 slide-1714\" \/><img src=\"https:\/\/www.izipic.pt\/fotografia\/wp-content\/uploads\/2017\/01\/RMO_9045-900x420.jpg\" height=\"420\" width=\"900\" title=\"S&amp;R Wedding\" alt=\"\" class=\"slider-22 slide-1707\" \/><img src=\"https:\/\/www.izipic.pt\/fotografia\/wp-content\/uploads\/2020\/07\/RMO_6530-900x420.jpg\" height=\"420\" width=\"900\" title=\"S&amp;V - Casamento\" alt=\"\" class=\"slider-22 slide-1933\" \/><img src=\"https:\/\/www.izipic.pt\/fotografia\/wp-content\/uploads\/2020\/07\/RMO_7016-900x420.jpg\" height=\"420\" width=\"900\" title=\"S&amp;V - Casamento\" alt=\"\" class=\"slider-22 slide-1935\" \/><img src=\"https:\/\/www.izipic.pt\/fotografia\/wp-content\/uploads\/2020\/07\/RMO_9336-900x420.jpg\" height=\"420\" width=\"900\" title=\"A&amp;R - Casamento\" alt=\"\" class=\"slider-22 slide-1939\" \/><\/div><\/div>\n        \n    <\/div>\n<\/div><\/div><\/div><\/div><div id=\"pg-16-1\"  class=\"panel-grid panel-no-style\" ><div id=\"pgc-16-1-0\"  class=\"panel-grid-cell panel-grid-cell-empty\" ><\/div><div id=\"pgc-16-1-1\"  class=\"panel-grid-cell panel-grid-cell-mobile-last\" ><div id=\"panel-16-1-1-0\" class=\"so-panel widget widget_sow-editor panel-first-child panel-last-child\" data-index=\"1\" ><div class=\"so-widget-sow-editor so-widget-sow-editor-base\">\n<div class=\"siteorigin-widget-tinymce textwidget\">\n\t<p style=\"text-align: center;\">FOT\u00d3GRAFO PORTO \u2022 FOT\u00d3GRAFO BRAGAN\u00c7A TR\u00c1S-OS-MONTES \u2022 FOT\u00d3GRAFO PORTUGAL \u2022 OPORTO PHOTOGRAPHER \u2022 PORTUGAL PHOTOGRAPHER<\/p>\n<\/div>\n<\/div><\/div><\/div><div id=\"pgc-16-1-2\"  class=\"panel-grid-cell panel-grid-cell-empty\" ><\/div><\/div><\/div>","protected":false},"excerpt":{"rendered":"<p>FOT\u00d3GRAFO PORTO \u2022 FOT\u00d3GRAFO BRAGAN\u00c7A TR\u00c1S-OS-MONTES \u2022 FOT\u00d3GRAFO PORTUGAL \u2022 OPORTO PHOTOGRAPHER \u2022 PORTUGAL PHOTOGRAPHER<\/p>\n","protected":false},"author":1,"featured_media":0,"parent":0,"menu_order":0,"comment_status":"closed","ping_status":"closed","template":"page-full-no-title.php","meta":[],"yoast_head":"<!-- This site is optimized with the Yoast SEO plugin v16.0.2 - https:\/\/yoast.com\/wordpress\/plugins\/seo\/ -->\n<title>Fotografia&amp;V\u00eddeo - IZIPIC<\/title>\n<meta name=\"description\" content=\"storytelling photography artists\" \/>\n<link rel=\"canonical\" href=\"https:\/\/www.izipic.pt\/fotografia\/\" \/>\n<meta property=\"og:locale\" content=\"pt_PT\" \/>\n<meta property=\"og:type\" content=\"article\" \/>\n<meta property=\"og:title\" content=\"IZIPIC - Fotografia e V\u00eddeo\" \/>\n<meta property=\"og:description\" content=\"storytelling photography artists\" \/>\n<meta property=\"og:url\" content=\"https:\/\/www.izipic.pt\/fotografia\/\" \/>\n<meta property=\"og:site_name\" content=\"IZIPIC\" \/>\n<meta property=\"article:publisher\" content=\"https:\/\/www.facebook.com\/izipic.pt\/\" \/>\n<meta property=\"article:modified_time\" content=\"2022-12-30T10:30:18+00:00\" \/>\n<meta property=\"og:image\" content=\"https:\/\/www.izipic.pt\/fotografia\/wp-content\/uploads\/2018\/07\/RMO_1678.jpg\" \/>\n\t<meta property=\"og:image:width\" content=\"2006\" \/>\n\t<meta property=\"og:image:height\" content=\"1339\" \/>\n<meta name=\"twitter:card\" content=\"summary_large_image\" \/>\n<script type=\"application\/ld+json\" class=\"yoast-schema-graph\">{\"@context\":\"https:\/\/schema.org\",\"@graph\":[{\"@type\":\"Organization\",\"@id\":\"https:\/\/www.izipic.pt\/fotografia\/#organization\",\"name\":\"IZIPIC - Fotografia e V\\u00eddeo\",\"url\":\"https:\/\/www.izipic.pt\/fotografia\/\",\"sameAs\":[\"https:\/\/www.facebook.com\/izipic.pt\/\",\"https:\/\/www.instagram.com\/izipic\/\",\"https:\/\/www.youtube.com\/c\/IZIPICgondomar\"],\"logo\":{\"@type\":\"ImageObject\",\"@id\":\"https:\/\/www.izipic.pt\/fotografia\/#logo\",\"inLanguage\":\"pt-PT\",\"url\":\"https:\/\/www.izipic.pt\/fotografia\/wp-content\/uploads\/2018\/06\/IZIPIC-LOGOTIPO-1080p.jpg\",\"width\":1920,\"height\":1080,\"caption\":\"IZIPIC - Fotografia e V\\u00eddeo\"},\"image\":{\"@id\":\"https:\/\/www.izipic.pt\/fotografia\/#logo\"}},{\"@type\":\"WebSite\",\"@id\":\"https:\/\/www.izipic.pt\/fotografia\/#website\",\"url\":\"https:\/\/www.izipic.pt\/fotografia\/\",\"name\":\"IZIPIC\",\"description\":\"Fotografia e V\\u00eddeo\",\"publisher\":{\"@id\":\"https:\/\/www.izipic.pt\/fotografia\/#organization\"},\"potentialAction\":[{\"@type\":\"SearchAction\",\"target\":\"https:\/\/www.izipic.pt\/fotografia\/?s={search_term_string}\",\"query-input\":\"required name=search_term_string\"}],\"inLanguage\":\"pt-PT\"},{\"@type\":\"WebPage\",\"@id\":\"https:\/\/www.izipic.pt\/fotografia\/#webpage\",\"url\":\"https:\/\/www.izipic.pt\/fotografia\/\",\"name\":\"Fotografia&V\\u00eddeo - IZIPIC\",\"isPartOf\":{\"@id\":\"https:\/\/www.izipic.pt\/fotografia\/#website\"},\"datePublished\":\"2016-03-31T14:56:02+00:00\",\"dateModified\":\"2022-12-30T10:30:18+00:00\",\"description\":\"storytelling photography artists\",\"breadcrumb\":{\"@id\":\"https:\/\/www.izipic.pt\/fotografia\/#breadcrumb\"},\"inLanguage\":\"pt-PT\",\"potentialAction\":[{\"@type\":\"ReadAction\",\"target\":[\"https:\/\/www.izipic.pt\/fotografia\/\"]}]},{\"@type\":\"BreadcrumbList\",\"@id\":\"https:\/\/www.izipic.pt\/fotografia\/#breadcrumb\",\"itemListElement\":[{\"@type\":\"ListItem\",\"position\":1,\"item\":{\"@type\":\"WebPage\",\"@id\":\"https:\/\/www.izipic.pt\/fotografia\/\",\"url\":\"https:\/\/www.izipic.pt\/fotografia\/\",\"name\":\"In\\u00edcio\"}},{\"@type\":\"ListItem\",\"position\":2,\"item\":{\"@type\":\"WebPage\",\"@id\":\"https:\/\/www.izipic.pt\/fotografia\/\",\"url\":\"https:\/\/www.izipic.pt\/fotografia\/\",\"name\":\"Fotografia&#038;V\\u00eddeo\"}}]}]}<\/script>\n<!-- \/ Yoast SEO plugin. -->","_links":{"self":[{"href":"https:\/\/www.izipic.pt\/fotografia\/wp-json\/wp\/v2\/pages\/16"}],"collection":[{"href":"https:\/\/www.izipic.pt\/fotografia\/wp-json\/wp\/v2\/pages"}],"about":[{"href":"https:\/\/www.izipic.pt\/fotografia\/wp-json\/wp\/v2\/types\/page"}],"author":[{"embeddable":true,"href":"https:\/\/www.izipic.pt\/fotografia\/wp-json\/wp\/v2\/users\/1"}],"replies":[{"embeddable":true,"href":"https:\/\/www.izipic.pt\/fotografia\/wp-json\/wp\/v2\/comments?post=16"}],"version-history":[{"count":132,"href":"https:\/\/www.izipic.pt\/fotografia\/wp-json\/wp\/v2\/pages\/16\/revisions"}],"predecessor-version":[{"id":1975,"href":"https:\/\/www.izipic.pt\/fotografia\/wp-json\/wp\/v2\/pages\/16\/revisions\/1975"}],"wp:attachment":[{"href":"https:\/\/www.izipic.pt\/fotografia\/wp-json\/wp\/v2\/media?parent=16"}],"curies":[{"name":"wp","href":"https:\/\/api.w.org\/{rel}","templated":true}]}}

Fotografia&#038;Vídeo

<div id="pl-16"  class="panel-layout" ><div id="pg-16-0"  class="panel-grid panel-no-style" ><div id="pgc-16-0-0"  class="panel-grid-cell" ><div id="panel-16-0-0-0" class="so-panel widget widget_metaslider_widget panel-first-child panel-last-child" data-index="0" ><div id="metaslider-id-22" style="max-width: 900px; margin: 0 auto;" class="ml-slider-3-20-3 metaslider metaslider-nivo metaslider-22 ml-slider ms-theme-blend">
    <div id="metaslider_container_22">
        <div class='slider-wrapper theme-default'><div class='ribbon'></div><div id='metaslider_22' class='nivoSlider'><img src="https://www.izipic.pt/fotografia/wp-content/uploads/2017/01/RMO_7701-900x420.jpg" height="420" width="900" title="RMO_7701" alt="" class="slider-22 slide-1709" /><img src="https://www.izipic.pt/fotografia/wp-content/uploads/2020/07/RMO_2184-900x420.jpg" height="420" width="900" title="RMO_2184" alt="" class="slider-22 slide-1929" /><img src="https://www.izipic.pt/fotografia/wp-content/uploads/2020/07/RMO_2113-900x420.jpg" height="420" width="900" title="S&amp;V - InLoveSession" alt="" class="slider-22 slide-1927" /><img src="https://www.izipic.pt/fotografia/wp-content/uploads/2016/03/RMO_2757-900x420.jpg" height="420" width="900" alt="" class="slider-22 slide-44" /><img src="https://www.izipic.pt/fotografia/wp-content/uploads/2020/07/RMO_8546-900x420.jpg" height="420" width="900" title="A&amp;R - Casamento" alt="" class="slider-22 slide-1937" /><img src="https://www.izipic.pt/fotografia/wp-content/uploads/2020/07/RMO_1968-900x420.jpg" height="420" width="900" title="S&amp;V - InLoveSession" alt="" class="slider-22 slide-1931" /><img src="https://www.izipic.pt/fotografia/wp-content/uploads/2016/03/RMO7752-FACEBOOK-900x420.jpg" height="420" width="900" title="Diana e Helder" alt="" class="slider-22 slide-1714" /><img src="https://www.izipic.pt/fotografia/wp-content/uploads/2017/01/RMO_9045-900x420.jpg" height="420" width="900" title="S&amp;R Wedding" alt="" class="slider-22 slide-1707" /><img src="https://www.izipic.pt/fotografia/wp-content/uploads/2020/07/RMO_6530-900x420.jpg" height="420" width="900" title="S&amp;V - Casamento" alt="" class="slider-22 slide-1933" /><img src="https://www.izipic.pt/fotografia/wp-content/uploads/2020/07/RMO_7016-900x420.jpg" height="420" width="900" title="S&amp;V - Casamento" alt="" class="slider-22 slide-1935" /><img src="https://www.izipic.pt/fotografia/wp-content/uploads/2020/07/RMO_9336-900x420.jpg" height="420" width="900" title="A&amp;R - Casamento" alt="" class="slider-22 slide-1939" /></div></div>
        
    </div>
</div></div></div></div><div id="pg-16-1"  class="panel-grid panel-no-style" ><div id="pgc-16-1-0"  class="panel-grid-cell panel-grid-cell-empty" ></div><div id="pgc-16-1-1"  class="panel-grid-cell panel-grid-cell-mobile-last" ><div id="panel-16-1-1-0" class="so-panel widget widget_sow-editor panel-first-child panel-last-child" data-index="1" ><div class="so-widget-sow-editor so-widget-sow-editor-base">
<div class="siteorigin-widget-tinymce textwidget">
	<p style="text-align: center;">FOTÓGRAFO PORTO • FOTÓGRAFO BRAGANÇA TRÁS-OS-MONTES • FOTÓGRAFO PORTUGAL • OPORTO PHOTOGRAPHER • PORTUGAL PHOTOGRAPHER</p>
</div>
</div></div></div><div id="pgc-16-1-2"  class="panel-grid-cell panel-grid-cell-empty" ></div></div></div>

<p>FOTÓGRAFO PORTO • FOTÓGRAFO BRAGANÇA TRÁS-OS-MONTES • FOTÓGRAFO PORTUGAL • OPORTO PHOTOGRAPHER • PORTUGAL PHOTOGRAPHER</p>

<!-- This site is optimized with the Yoast SEO plugin v16.0.2 - https://yoast.com/wordpress/plugins/seo/ -->
<title>Fotografia&amp;Vídeo - IZIPIC</title>
<meta name="description" content="storytelling photography artists" />
<link rel="canonical" href="https://www.izipic.pt/fotografia/" />
<meta property="og:locale" content="pt_PT" />
<meta property="og:type" content="article" />
<meta property="og:title" content="IZIPIC - Fotografia e Vídeo" />
<meta property="og:description" content="storytelling photography artists" />
<meta property="og:url" content="https://www.izipic.pt/fotografia/" />
<meta property="og:site_name" content="IZIPIC" />
<meta property="article:publisher" content="https://www.facebook.com/izipic.pt/" />
<meta property="article:modified_time" content="2022-12-30T10:30:18+00:00" />
<meta property="og:image" content="https://www.izipic.pt/fotografia/wp-content/uploads/2018/07/RMO_1678.jpg" />
	<meta property="og:image:width" content="2006" />
	<meta property="og:image:height" content="1339" />
<meta name="twitter:card" content="summary_large_image" />
<script type="application/ld+json" class="yoast-schema-graph">{"@context":"https://schema.org","@graph":[{"@type":"Organization","@id":"https://www.izipic.pt/fotografia/#organization","name":"IZIPIC - Fotografia e V\u00eddeo","url":"https://www.izipic.pt/fotografia/","sameAs":["https://www.facebook.com/izipic.pt/","https://www.instagram.com/izipic/","https://www.youtube.com/c/IZIPICgondomar"],"logo":{"@type":"ImageObject","@id":"https://www.izipic.pt/fotografia/#logo","inLanguage":"pt-PT","url":"https://www.izipic.pt/fotografia/wp-content/uploads/2018/06/IZIPIC-LOGOTIPO-1080p.jpg","width":1920,"height":1080,"caption":"IZIPIC - Fotografia e V\u00eddeo"},"image":{"@id":"https://www.izipic.pt/fotografia/#logo"}},{"@type":"WebSite","@id":"https://www.izipic.pt/fotografia/#website","url":"https://www.izipic.pt/fotografia/","name":"IZIPIC","description":"Fotografia e V\u00eddeo","publisher":{"@id":"https://www.izipic.pt/fotografia/#organization"},"potentialAction":[{"@type":"SearchAction","target":"https://www.izipic.pt/fotografia/?s={search_term_string}","query-input":"required name=search_term_string"}],"inLanguage":"pt-PT"},{"@type":"WebPage","@id":"https://www.izipic.pt/fotografia/#webpage","url":"https://www.izipic.pt/fotografia/","name":"Fotografia&V\u00eddeo - IZIPIC","isPartOf":{"@id":"https://www.izipic.pt/fotografia/#website"},"datePublished":"2016-03-31T14:56:02+00:00","dateModified":"2022-12-30T10:30:18+00:00","description":"storytelling photography artists","breadcrumb":{"@id":"https://www.izipic.pt/fotografia/#breadcrumb"},"inLanguage":"pt-PT","potentialAction":[{"@type":"ReadAction","target":["https://www.izipic.pt/fotografia/"]}]},{"@type":"BreadcrumbList","@id":"https://www.izipic.pt/fotografia/#breadcrumb","itemListElement":[{"@type":"ListItem","position":1,"item":{"@type":"WebPage","@id":"https://www.izipic.pt/fotografia/","url":"https://www.izipic.pt/fotografia/","name":"In\u00edcio"}},{"@type":"ListItem","position":2,"item":{"@type":"WebPage","@id":"https://www.izipic.pt/fotografia/","url":"https://www.izipic.pt/fotografia/","name":"Fotografia&#038;V\u00eddeo"}}]}]}</script>
<!-- / Yoast SEO plugin. -->
